 derivative of 1/2*g**2 - 2*g + 1. Suppose -12*j + 17*j = 2*d + 12, 2*j - 28 = -5*d. Determine f(j).
2
Let o(p) = p + 5. Suppose 4 = 31*v - 182. Give o(v).
11
Let l(m) be the second derivative of -m**3/6 + m**2/2 - 318*m. Suppose -5*n + 5*d + 40 = d, -5*n - 5*d = 5. Let h be 1/n + 81/(-36). Determine l(h).
3
Let r(n) = n**2 + 12*n + 11. Suppose -11*v + 8*v = 12, 0 = 3*p - v - 13. Suppose 16 - 46 = p*j. Give r(j).
-9
Let k = -50 - -20. Let h = k - -30. Let f(u) = u + 1. What is f(h)?
1
Let a(t) = 8*t - 14. Let q(p) = 13*p - 22. Let g(o) = 8*a(o) - 5*q(o). Give g(-1).
-1
Let u = 277 + -276. Let m(s) be the first derivative of u - 3*s + 1/2*s**2. Calculate m(0).
-3
Let n(g) = 5*g - 3*g + 26*g**3 - 2 + 142*g**2 - 145*g**2 - 23*g**3. Calculate n(2).
14
Suppose 7 = -3*n + 1. Let s(i) = i. Let v be s(n). Let g(t) = -2*t + 175 - 71 - 53 - 50 + t. Give g(v).
3
Let i = -6 - -10. Let k be 2*(-2)/i*-5. Let z(u) = -3*u - u + 3*u + 11 - 3*u + 3*u. Determine z(k).
6
Let w(l) = -2*l + 33. Let z(j) = -j + 32. Let t(n) = -2*w(n) + 3*z(n). Calculate t(-13).
17
Let z(h) = -h**2 + 7*h - 3. Let k be (4/7)/((-6)/(-21)) - -4. Calculate z(k).
3
Let g(t) = t. Let z(v) = v**2 - 14 - 12*v + 51 - 27. Let b(p) = 3*g(p) + z(p). Suppose -4*m - 14 = -6*m. What is b(m)?
-4
Let a(d) = -5*d - 8. Suppose b + 608 = -5*g - 0*b, 3*g - b + 360 = 0. Let o = 115 + g. What is a(o)?
22
Let k(i) = -i. Let u = 113 + -109. Determine k(u).
-4
Let j(q) = -q**2 + 12*q + 3. Let p(v) be the first derivative of v**3/3 - 13*v**2/2 - 4*v + 9. Let t(r) = 7*j(r) + 6*p(r). What is t(4)?
5
Let f(g) = -4*g - 5. Let d(n) = 2*n + 5. Let z(p) = -3*d(p) - 2*f(p). Calculate z(-7).
-19
Let w(k) = -k. Suppose -3*f + 12 = 5*b - 0, 0 = -2*b - f + 4. Suppose b = -4*r - j + 5*j, -4*j - 16 = 4*r. Determine w(r).
2
Let y(w) = -w**2 - w - 3. Let h be y(0). Let f be (h/(-9) - 3)*18/12. Let r(m) = 5*m + 5. Give r(f).
-15
Let j(g) = -g + 10. Let v = -5 + 5. Let r be j(v). Let u be (-39)/(-15) + 4/r. Let k(b) = b**3 - 2*b**2 - 2. What is k(u)?
7
Suppose 2*y = -2*f - 12, 2*f - 6*f + 2*y - 24 = 0. Suppose 2*l - 4 = -2. Let m(r) = 0 + 0 - 3 - l - r. Give m(f).
2
Let q = -35 - -40. Let w(i) = 0*i**2 - 2*i**2 - 2 + q*i**3 - 6*i**3 + 0*i + i. What is w(-3)?
4
Let h(u) = 3*u + 15. Let s be 7/(84/(-87)) + 3/(-4). Determine h(s).
-9
Let r(h) = -2*h**3 - 11*h**2 - 4*h + 7. Let n be r(-5). Let a(u) = 59*u**2 - 6 - 2*u - n - u - 58*u**2. Determine a(6).
10
Suppose -3*q + 2*q = -4, 6 = -l + 2*q. Let j(p) = -p**2 + 4*p - 9. Let u be j(l). Let b(o) = -o**2 - 5*o. Calculate b(u).
0
Let r(i) be the first derivative of i**5/60 - i**4/3 + i**3/6 - 8*i**2 + 16. Let d(j) be the second derivative of r(j). Determine d(6).
-11
Suppose v - 14 = -v. Let j(w) = 13*w**3 + 6*w**2 - w + 21. Let q(l) = 11*l**3 + 6*l**2 + 18. Let n(f) = 6*j(f) - 7*q(f). What is n(v)?
7
Let k(w) be the second derivative of 2/5*w**5 - 1/2*w**2 - 1/3*w**3 + 6*w + 0 - 1/6*w**4. Calculate k(-1).
-9
Let j(o) = -o**2 + 7. Suppose 6*p - w - 5 = 9*p, -p + w - 7 = 0. What is j(p)?
-2
Let w = 31 - 30. Let n(k) = -13*k + 4*k + w + 4*k + 3*k - 2*k**2. Give n(2).
-11
Suppose 2*h + 4*u = 7*h, 0 = -2*h - 5*u. Let z(a) = -10*a + 8. Let n be z(h). Let v(i) = -i**2 + 9*i - 4. What is v(n)?
4
Let r(m) be the first derivative of -10/3*m**3 - 2 - 1/2*m**2 + m. Suppose 0 = -58*g + 53*g + 5. Give r(g).
-10
Suppose 0*q - q = i - 7, 5*q - i = 23. Let g(p) = -5 - 1 + q - p. Give g(-1).
0
Let z(d) = d**2 - 18*d + 101. Let n be z(9). Let t(k) = 2*k - 28. Give t(n).
12
Let j(k) be the second derivative of k**5/10 + k**3/6 + k**2/2 + 23*k. Give j(-2).
-17
Let i(b) = -b**3 + b**2 + b + 2. Let g be i(0). Let y(f) = 2*f - g*f + 3*f + 2*f**2 - 2 + 4. What is y(-3)?
11
Let c be (-48)/120 - 106/(-240). Let x(w) be the third derivative of 0*w + w**2 - c*w**4 + 0 + 7/6*w**3. Give x(6).
1
Let b(a) = 5*a + 5. Let c(u) be the second derivative of -u**3/6 - u**2/2 - 3*u. Let f(o) = b(o) + 3*c(o). Suppose -m = -2*m - 5. What is f(m)?
-8
Let a(u) = 12*u**2 + 33*u + 53. Let o(i) = 5*i**2 + 16*i + 27. Let w(r) = 2*a(r) - 5*o(r). What is w(-11)?
4
Let j(y) = -y**2 - 7*y - 6. Let h be j(-7). Let g(o) = 0*o**2 + 2*o - 3*o**2 + 4*o - 3 + 4*o**2. Let l be g(h). Let a(v) = -v**2 - v. Give a(l).
-6
Suppose 2*w = 6*w - v - 48, 2*v + 24 = 2*w. Let q(t) = t**3 - 13*t**2 + 11*t + 15. Determine q(w).
3
Let r(f) be the first derivative of -f**2/2 + 11*f - 42. Suppose 2*w - 3 = 13. Determine r(w).
3
Let b(i) = -i + 5. Let g be b(-5). Let k(n) = -4*n**2 + n - 1 - 3*n**2 + g*n**2 - 2*n**2. Calculate k(-2).
1
Let z(k) = -4 + 33*k - 5 - 35*k. Determine z(-6).
3
Let k(h) = -h**3 + 6*h**2 - 3*h + 8. Let r = -10 - -12. Let g be r/(-2) - ((1 - -1) + -9). Give k(g).
-10
Let o(y) be the second derivative of -y**5/20 + 7*y**4/12 - 3*y**3/2 - 7*y**2/2 - 165*y. What is o(5)?
-2
Let q(s) be the first derivative of -s**2/2 + 4*s - 32. Suppose 0 = -7*d + 4*d. Suppose -3*b + 2 + 13 = d. What is q(b)?
-1
Suppose 3 = -4*u + 11. Let n = -64 + 60. Let v(d) = 3*d - 5. Let h(o) = 8*o - 14. Let s(m) = n*h(m) + 11*v(m). Determine s(u).
3
Let i be (-5)/10 - (-15)/6. Let x(d) = 0*d - d + 2 + 4*d**i - d - 3. Give x(2).
11
Let z = 127 - 120. Let s(g) = -g**2 + 3*g - 6. Give s(z).
-34
Let n(d) be the third derivative of 0*d + 1/4*d**4 + 0 - 8*d**2 - d**3. Determine n(4).
18
Let x(f) = f**2 + f. Let t(c) = -2*c**3 + 10*c**2 - 6*c + 3. Let n(h) = t(h) - 2*x(h). Calculate n(3).
-3
Let g(a) be the first derivative of -a**4/2 - a**3/3 + a**2/2 + a - 2. Let n(l) = l**3 + l**2 - 1. Let r(z) = 3*g(z) + 5*n(z). Let i = 102 - 100. Give r(i).
4
Let h(z) = -28*z**2 + 141*z + 2 - 4 - 138*z. Give h(1).
-27
Let v(j) be the second derivative of -j**4/12 - j**3/2 - 7*j**2/2 - 33*j + 2. Give v(-3).
-7
Let d(s) = -5*s**2 - 46*s - 14. Let a be d(-9). Let i(o) = -o**3 - 4*o**2 + 4*o - 4. Give i(a).
1
Let j(k) = -3*k - 2*k**2 - 3 + k**2 + 0*k**2 + 2*k**2. Determine j(6).
15
Let n = -90 + 175. Let l(z) = -10*z - 90*z**2 - z**3 + 164*z**2 - n*z**2. Calculate l(-10).
0
Suppose -2*u + 15*q - 14*q - 10 = 0, 5*q + 10 = 0. Let j(i) = -i**2 - 4*i - 4. Let y(h) = 3*h - 3*h - h. Let r(m) = u*y(m) + j(m). Calculate r(3).
-7
Suppose 1 = -8*l + 33. Let w(n) = -1. Let y(p) = p + 2. Let f(v) = -v**2 + 2*v + 2. Let z be f(2). Let d(k) = z*w(k) + y(k). Determine d(l).
4
Let x(h) be the second derivative of h**4/12 - h**3/2 - h**2/2 - 7*h. Let p(n) = -3*n - 36. Let f be p(-14). Determine x(f).
17
Let a(h) = -h**2 - 9*h + 9. Let u(v) = 4*v + 22. Let x be u(-8). Let s be a(x). Let y(c) = -11*c - 1. Give y(s).
10
Let w(j) be the first derivative of -j**2 - 4*j - 77. Give w(-4).
4
Let g(c) be the first derivative of c**4/4 - 3*c**3 + 4*c**2 + 5*c + 54. What is g(8)?
5
Let a(v) = 20*v**2 + 6*v + 9*v**2 - 28*v**2 + 11*v. Give a(-15).
-30
Let j be ((-12)/10)/((-2)/(-10)). Let o(s) be the third derivative of -s**5/60 - s**4/6 + s**3 + 918*s**2. Determine o(j).
-6
Let w(m) = 5*m - 2. Let y = -299 - -299. Determine w(y).
-2
Let q = 80 - 86. Let n(a) = a**2 + 6*a - 7. Determine n(q).
-7
Suppose -369*n + 371*n - 14 = 0. Let a(r) = r - 15. Let h(u) = 2*u - 29. Let w(x) = -5*a(x) + 2*h(x). Calculate w(n).
10
Let i be (((-387)/(-12))/(-43))/(6/(-56)). Let m(k) be the third derivative of k**4/24 - k**3/6 + k**2. Determine m(i).
6
Suppose -7 - 7 = 2*l. Let y(u) be the second derivative of u**5/60 + u**4/4 - 5*u**3/6 - 3*u**2/2 + 3*u. Let t(c) be the first derivative of y(c). What is t(l)?
2
Let c = 150 + -89. Suppose 114 + c = 5*p. Suppose l - 2*k = 3*k + 7, k = 5*l - p. Let b(x) = -x**2 + 7*x + 1. What is b(l)?
1
Let j(i) be the second derivative of 0*i**2 + 1/4*i**4 + 1/3*i**3 - 1/20*i**5 - 9*i + 0. Determine j(4).
-8
Let x(w) = -1 + 34*w - 1 - 18*w - 24*w. What is x(2)?
-18
Let h(b) = b - 6. Let f = 35 - 24. Give h(f).
5
Let j(k) be the second derivative of k**3/6 - 6*k**2 + 24*k + 2. What is j(6)?
-6
Let n = -57 - -77. Let u be -5 - ((-10)/n)/((-2)/(-12)). Let p(v) = -2*v - 2 + 0 + 0. Determine p(u).
2
Suppose 5 + 1 = 3*b + 4*u, -2*u + 16 = -5*b. Let x(a) be the second derivative of a**4/6 - a**3/3 - a**2/2 - 6*a. Give x(b).
11
Let s(q) = 17*q - 36*q + 13*q + q**2. Suppose -2*t + 15 = -x, -t - 3 = -0*t + 3*x. Calculate s(t).
0
Let c(k) be the first derivative of k**3/3 + 6*k**2 + 7*k + 14. Let j be c(-11)